hat is the greatest common divisor of x and 10?
10
Suppose 2*p + 2*f = 38, -p + 2*f = -f - 23. Let s = p + -14. Calculate the highest common factor of 15 and s.
3
Suppose -10 = -4*m - 30, 2*d = -4*m + 26. What is the greatest common factor of 207 and d?
23
Let w = -26 + 50. What is the greatest common divisor of 192 and w?
24
Suppose 4*n + 0*n + 2*m - 136 = 0, 3*m - 172 = -5*n. Suppose -5*l - 3*v = -26, v + 2 = 2*l - 2*v. What is the greatest common divisor of n and l?
4
Suppose 0 = -3*l + 5*z + 108, -108 = -3*l + z + 3*z. What is the highest common divisor of 12 and l?
12
Suppose d - 2*d = -99. What is the greatest common divisor of d and 9?
9
Suppose 4*y + 44 = -0*y. Suppose 2*l - 2*v - 55 - 9 = 0, 0 = 5*l + 3*v - 144. Let x = l + y. Calculate the highest common factor of 19 and x.
19
Let s(t) = -t - 4. Let g be s(-9). Let k = 170 - g. What is the greatest common factor of 15 and k?
15
Let u(r) = -r**3 - 5*r**2 + 3*r - 3. Let v be u(-6). Suppose 3*h - v = 282. What is the highest common factor of 11 and h?
11
Let n be -6*((-2)/(-6) - 1). What is the highest common divisor of n and 8?
4
Suppose -2*a = -7*a. Suppose -6*v + 2*v + 196 = a. Calculate the greatest common factor of v and 7.
7
Let f be (-27)/(-12) - 2/8. Let h be -3 + -1 - -2 - -20. What is the greatest common factor of h and f?
2
Let v be 2/(-3) - (-3)/(-9). Let m be 2 + v + 28/4. Suppose -5*r + 5*h = -80, 0*h + 12 = -3*h. Calculate the greatest common factor of r and m.
4
Let o(l) = l**3 + 4*l**2 - 4*l. Let y be o(-3). Let q = 6 - 4. Suppose k - 4 = q*r, 3*k + 0*k - 3*r = 27. Calculate the greatest common factor of k and y.
7
Let h(q) = -q**2 - 9*q - 10. Let s be h(-7). What is the greatest common divisor of 12 and s?
4
Let y be (8/5)/(8/20). Suppose -2*x + y*x = -4. Let q be (1/(-2))/(x/48). Calculate the highest common divisor of 12 and q.
12
Suppose -2*d + 122 = -58. What is the greatest common divisor of 18 and d?
18
Suppose 89 = 4*x - 123. Let r = -5 + x. Calculate the greatest common factor of 32 and r.
16
Let j = 45 + -7. Calculate the greatest common factor of 342 and j.
38
Suppose -q = -4*q - 6. Let o be q/(4/(2/(-1))). Let n be o/3 - 42/(-9). What is the highest common factor of 10 and n?
5
Suppose -2*a - 6 + 44 = -x, 3*x - 4*a = -118. Let h be (-1792)/x - (-4)/(-6). Calculate the highest common divisor of 14 and h.
14
Let q(b) = 21*b + 30. Let a be q(0). Let v be 30/(-4)*(-8)/6. What is the greatest common divisor of v and a?
10
Let r = -2 + 4. Suppose -n = -3 - r. Calculate the highest common factor of 20 and n.
5
Let y(t) = t**3 - 2*t**2 - 4*t + 8. Let a be y(6). Suppose -3*m = -m - a. Calculate the greatest common factor of m and 8.
8
Suppose -3*v - v = -36. Let q be (0 + -5)*(-108)/20. What is the highest common factor of q and v?
9
Suppose -k = 6*s - 5*s - 13, -30 = -2*s - 4*k. Calculate the greatest common divisor of 11 and s.
11
Suppose 19*r - 216 = 17*r. Calculate the greatest common divisor of 12 and r.
12
Let z = -52 - -117. Suppose -3*h + 168 = -90. Let j = -60 + h. Calculate the greatest common divisor of j and z.
13
Let y = -95 - -240. Suppose 40 = 3*p - k - 39, 5*k = -5*p + y. Calculate the greatest common divisor of 162 and p.
27
Let b = 1 - -11. Let j(r) = 6*r - 1. Let t be j(3). Let h = t - 9. Calculate the greatest common factor of b and h.
4
Let x be (-12)/42 + 186/14. What is the highest common factor of x and 65?
13
Suppose -5*g - 1 + 11 = 0. Suppose -x + g = 2*v - 7, 4*x = -12. Let w(f) = 2*f + 3. Let j be w(6). Calculate the highest common divisor of j and v.
3
Let d(b) = b - 10. Suppose 90 - 30 = 5*u - o, -12 = -u + 3*o. Let a be d(u). Calculate the highest common divisor of a and 10.
2
Let m = 22 - -9. Suppose 0 = 4*u - 3*j - m + 155, -2*u = 3*j + 44. Let v = u + 39. What is the greatest common divisor of 33 and v?
11
Suppose 4*k + k - 2*b = 22, 4*k + 2*b = 14. Let w be (-1 + 4 - 0) + (12 - -1). What is the greatest common divisor of w and k?
4
Suppose 0 = -4*i + 4*w + 1 + 103, 3*i - 86 = 5*w. Suppose 135 + 321 = 4*q + 4*c, 5*c = q - 90. Calculate the greatest common divisor of i and q.
22
Let z = 11 - -1. Let v = 137 - 29. Calculate the greatest common factor of z and v.
12
Let g(k) = -9*k**3 + k + 2. Let q be (32/(-40))/((-2)/(-5)). Let t be g(q). What is the highest common factor of 9 and t?
9
Let n(l) = 13*l**2 + 2*l - 4. Let x be n(2). Calculate the highest common factor of x and 78.
26
Let t be 2/4 - (-637)/14. Suppose -y - 6 = -t. Calculate the greatest common divisor of y and 16.
8
Let c = 46 + -16. What is the highest common divisor of c and 270?
30
Let z = 4 + 20. What is the highest common factor of z and 264?
24
Let h(z) be the third derivative of -5*z**4/24 + z**3/6 - 3*z**2. Let l be h(-1). What is the greatest common factor of l and 4?
2
Let y = -14 + 9. Let c(r) = -4*r + 7. Let h be c(y). Suppose -l + h = -0*l + 3*x, 4*l - 44 = 4*x. What is the greatest common divisor of 30 and l?
15
Let h(b) = 2*b + 22. Let f be h(-7). What is the highest common factor of 104 and f?
8
Let r(g) = -g**3 - 3*g**2 + 3*g - 2. Let x be r(-4). Suppose -4*i + 22 = -x. What is the highest common factor of i and 15?
3
Suppose -2*o - 2*a + 18 = -4*a, -o + 13 = -5*a. Suppose 3*d = o*d - 105. Calculate the highest common factor of 14 and d.
7
Let s be 84/(-9)*3/(-2). Let l = 2 + -6. Let f(v) = -v**2 - 6*v - 6. Let r be f(l). Calculate the greatest common divisor of r and s.
2
Suppose 5*w - 8 = 3*y + 5, -4*y + 41 = 5*w. Suppose 0*c - 74 = -3*c + w*q, q - 68 = -4*c. Calculate the highest common factor of 6 and c.
6
Suppose 4*w = 4*n + 156, -3*n + 6*n + 197 = 5*w. Calculate the greatest common factor of w and 12.
4
Let p = -114 - -229. Calculate the greatest common factor of 23 and p.
23
Let k = 76 + -31. Calculate the highest common divisor of k and 30.
15
Suppose 0 = 5*c - 947 + 137. Calculate the highest common factor of 18 and c.
18
Let o be (-1)/3 + 38/6. Let b = o + -4. Let y = 30 + -16. Calculate the greatest common factor of b and y.
2
Suppose -2*b + 21 - 75 = 0. Let s = -7 - b. What is the greatest common factor of 30 and s?
10
Suppose 2*r - w = -5*w + 6, -4*w = -5*r - 13. Let y be ((-4)/r)/((-2)/(-35)). Let j = -11 + 25. What is the greatest common divisor of j and y?
14
Let k be 684/42 + 2/(-7). Let q be (-1)/(k/(-12) - -1). Let w(i) = -10*i + 1. Let h be w(-2). Calculate the highest common divisor of q and h.
3
Let l = 9 + -5. Let j(k) = k - 5. Let r be j(7). Let i be l - 1 - 0 - r. What is the greatest common divisor of 1 and i?
1
Suppose 0 = 2*s + 2*s - 72. Let z be s/((-2)/8 - -1). Let i(y) = 3*y - 3. Let x be i(5). What is the highest common factor of x and z?
12
Let w = -45 + 66. Calculate the highest common factor of 168 and w.
21
Let t(f) = 4*f**2 + 44*f**3 - 43*f**3 + 3*f**2. Let l be t(-6). Calculate the highest common divisor of l and 24.
12
Let y(w) = 2*w**2 - 2*w - 4. Let m be y(4). What is the highest common factor of m and 30?
10
Let p be (3/9)/((-2)/(-18)). Let k be 2/(p + 1 - 3). What is the greatest common divisor of 2 and k?
2
Suppose 0 = b + 4*z - 9, b + 4*b - 5*z = 20. Suppose g = b - 1. Calculate the highest common factor of g and 12.
4
Let v be (-1 - 15)*(-4)/4. Suppose 2*x - 10 = v. Suppose 5*q + 7*s - 699 = 3*s, 441 = 3*q - 3*s. What is the greatest common factor of x and q?
13
Let v = -135 - -387. What is the highest common divisor of 42 and v?
42
Let i(u) be the second derivative of u**4/6 + u**3/2 + u**2/2 + 2*u. Let l be i(-2). Calculate the greatest common factor of 27 and l.
3
Let z be (35 - 2)*2/6. Suppose 4*l - 4 = 4. Suppose 169 = l*r - 7. Calculate the greatest common factor of z and r.
11
Suppose o = -o + 16. Let c(v) = 20*v**3 - v**2 + 2*v - 1. Let r be c(1). Calculate the greatest common factor of o and r.
4
Let m be ((-6)/(-4))/(3/4). Let k = 1 + 1. Suppose 2 = -2*l, -m*f = k*f + l - 179. Calculate the greatest common divisor of f and 9.
9
Suppose 5*p - 185 + 20 = 0. Let j = 12 - p. Let a = 21 - j. What is the highest common factor of a and 14?
14
Suppose -a = 5*z + 2*a - 29, 5*z = -5*a + 35. What is the greatest common divisor of z and 1?
1
Let f(c) = -c**3 + 3*c. Let u be f(-3). Let s = 34 - -110. What is the highest common divisor of u and s?
18
Suppose g - 54 = -5*g. What is the highest common divisor o